 73)?
-49
Calculate (-1 - -6 - 23) + 6 + (-4 - 2) + 9.
-9
Evaluate -2 - -2 - (-6 - -2) - (16 - (-45 - 27)).
-84
(-39 - 0) + -1 + 84 + -69
-25
What is -26 - (-10 + -10 + 57)?
-63
(-7 - 7) + -4 + -162 + 210
30
What is (2415 - 2543) + (-4 - (-1 + -18)) + 0?
-113
(-154 - -22) + 74 - (-2 + 0 + -5)
-51
Calculate (2 - 83) + 64 + -1 + 0.
-18
Evaluate 46 + (-9 - (-17 + (22 - 10 - (1 - -8)))).
51
(935 - 906) + (-4 - -12)
37
97 + -235 + 114 - (7 - (3 + -1 + -2))
-31
Calculate -1 + -6 + 35 - (2 - (-9 + 20)).
37
What is the value of -27 + (7 - 10 - -7) + (95 - 112)?
-40
Calculate 715 + -731 + 6 + 0 + 4.
-6
-4 + (-34 - (76 + -34))
-80
What is -132 + (26 - (-118 - -134))?
-122
(-24 - 1) + -37 + 137 + -88
-13
Evaluate (-22 - (-22 - -4)) + 0 - 14.
-18
What is 41 + 5 + 12 + -11 - (-6 - -5 - 11)?
59
What is the value of -68 + -11 - ((-27 - -32) + 1 + -16)?
-69
What is the value of 2 + -4 + (-29 - -38 - (2 + 2 + 14))?
-11
Calculate (6 - (6 + -3)) + -45 + 47 - -7.
12
Evaluate (0 - 1) + -2 + (-90 - -89) + 21 + -48.
-31
What is (69 + -53 + 61 - 51) + (21 - 0)?
47
What is -26 + 14 + 2 - -32 - -2?
24
What is 17 + -3 + (35 - (-76 - -132))?
-7
What is -1 + -14 - (8 - 11) - (-113 + 68 + 31)?
2
Evaluate (128 - 44) + 2 - 43.
43
What is the value of 57 - 10 - (-4 + -3 + -17)?
71
Evaluate (-13 - -22 - 29 - 4) + 89.
65
Evaluate (-30 - -44 - -23) + -112.
-75
-3 + (12 - 29) + -15 + (-4 - 1) + -5
-45
What is the value of (1 - -71) + (5869 - 5846)?
95
Evaluate (-31 - (-134 + 48)) + -29.
26
(3 - -9) + 1 + (116 - 70)
59
Evaluate 45 - (4 + (0 - -1) + 1 + -11 - -9).
41
What is the value of -6 - (45 - 116 - -42) - (1 + -6)?
28
Evaluate -2 - ((-6 + 2 - -13) + 3 - -10).
-24
-31 - (16 - (-17 - -16 - -77))
29
What is the value of 2 + 1 + 8 + (117 - 135)?
-7
What is the value of 39 + -33 + -8 + -8?
-10
What is the value of 33 - (-4 - (26 + -21 + -96))?
-54
What is -2 + -4 + (112 - 90) + 46?
62
What is the value of 77 + 108 - 66 - 50?
69
Calculate 158 + (89 - 48) + -116.
83
What is the value of -12 - (17 + (4 - -17 - 32))?
-18
Calculate -34 + 22 + 9 - (5 - -2 - (-65 - 2)).
-77
-69 + (9 - (12 + -17)) + -12 + (-10 - -17)
-60
Evaluate 210 + -212 + (-9 + 2 - 19).
-28
Evaluate (-20 - 2) + -2 + 25 + 23.
24
Calculate (-35 - 56 - (2 + 35)) + (10 - 4).
-122
-37 + (-17 - ((3 - -2 - 16) + -10))
-33
What is 2 + 72 + -78 + (70 - 2) - -20?
84
What is -168 + 63 - (-130 + 71)?
-46
Evaluate -17 + (-99 + 84 - (9 + (87 - 5))).
-123
Calculate 0 + 115 + 8 + (12 - 10 - 28).
97
(-11 - (-6 + 11)) + 8 + -13
-21
Evaluate (-1 - -29) + (-3 - (-49 - -20) - 27).
27
What is the value of 1363 - 1265 - (2 - -59)?
37
-157 + 8 + (84 - -15)
-50
Calculate 7 + 1 + -9 + 6 + (351 - 225).
131
0 - (-5 - (-12 - -7)) - (16 + 0 + -9)
-7
Calculate -120 - (-28 - -79 - 138).
-33
What is (2 - 7) + (-2455 - -2499)?
39
Evaluate (-6 - ((7 - 21) + 18)) + (61 - (2 + 1)).
48
What is 27 + 7 + -1 + 67 + -104?
-4
What is (-59 - -25 - -54) + (-105 - 19)?
-104
Evaluate -108 - (38 - 24 - 69).
-53
Evaluate -44 - -70 - (-1 + -8) - -12 - -6.
53
What is 57 + 86 + -214 + -63?
-134
What is 0 + (-17 + 20 + -10 - (-17 + 12))?
-2
Evaluate 47 + 4 + -46 + (-2 - 27) - -3.
-21
What is -3 + 5 - (4 - 0) - (-114 + -256 + 443)?
-75
(2 - 2 - (-74 + 67)) + -39 + 23
-9
(-3 - -1 - 2) + (62 - (29 - -18))
11
(-19 - -3) + 16 + -15 - 10
-25
Evaluate (-13 - ((-12 - 4) + -2)) + (-20 - -24).
9
What is 95 - -1 - (-5901 + 5948)?
49
Calculate 13 - ((-63 - -72) + -76).
80
What is the value of 5 - 49 - (-46 + 23 - (-27 + 6))?
-42
What is -26 - (-113 + 39 + 17)?
31
Evaluate (-53 - (49 + -183)) + 1 + -7.
75
What is the value of -34 + (-17 - (10 - 26) - (2 - 0)) + 0?
-37
0 + -6 + -8 + (-17 + -11 - -18 - -18)
-6
What is 1 + -3 - (-2 - (1 - -77) - (3853 - 3837))?
94
What is 8 - (-1 + 11 + -9) - (10 + 71)?
-74
What is -6 - (8 - -10 - 52 - 0)?
28
-70 - -26 - -54 - 44
-34
Calculate 1 + -37 + (-12 - (-46 + 34 - -9)).
-45
What is 7 + (-2 - 5) + -18 + -35 + 15?
-38
What is the value of 11 - (-13 + 5 + -15 + 10)?
24
What is -31 + 2 + (-13 - -9) - (-321 + 332)?
-44
Evaluate 7 + 0 + -51 + (42 - 53).
-55
What is 81 - 2 - (-447 + 522)?
4
What is the value of (-14 - (-4 + 11)) + (60 - 55)?
-16
What is (-75 - (-95 + 96)) + 89?
13
What is 34 + -36 + 41 + 4?
43
Calculate -18 + (32 - (80 + -45)).
-21
Evaluate 1483 + -1446 + -38 + 0.
-1
Calculate -47 + -9 + -2 + 14 + (-4 - -8) + 2.
-38
What is the value of (-5 - -10 - -25) + (24 + -58 - -39)?
35
What is (-60 - -34) + -2 - ((1 - 4) + 1)?
-26
Evaluate (38 - (-32 - -60)) + -12 - (-1 + -3 - 22).
24
Evaluate 4 + (-72 + 65 - 60).
-63
Calculate (56 - 72 - (3 - -1 - 74)) + -16.
38
Evaluate 12 + 25 + 13 + -21 + 2.
31
What is (-101 - -147) + (-18 - -8)?
36
-104 + (109 - -23 - 11)
17
What is (-1456 - -1440) + (0 - -101) - -5?
90
What is the value of 1 + 19 - (-114 - (-203 - -97))?
28
Calculate (116 - 38) + (-57 - 38).
-17
(2 - -1) + 7 + (-96 - (7 - 1)) + 2
-90
Calculate -5 + 13 + 14 + -30 + (38 - 1).
29
What is the value of 17 - (22 + -37) - 84?
-52
What is the value of (161 - -78 - 145) + -64?
30
Calculate 6 - (-1 + 71 + -3 + -4 + 4).
-61
What is the value of -6267 + 6193 + (1 - -39)?
-34
Evaluate 1 + 0 + -15 + (-18 - (0 + -9) - -6).
-17
What is 3 + 26 - (44 - (153 - 76))?
62
Calculate 6 + (-66 - -67) - (-1 + -2 - -29).
-19
Evaluate 71 + -92 - -14 - ((1 - -77) + 3).
-88
-22 - (38 - 105) - 38
7
Calculate -1 + 8 + (11 + 0 + 0 - 7 - 9).
2
Calculate -2 - 12 - (-853 + 925).
-86
What is the value of -77 + 0 + -2 - (213 - 204)?
-88
What is the value of 163 + -60 + (79 - 51 - (8 - -1))?
122
What is 56 - (20 - (-20 + 30))?
46
What is the value of -1103 + 1089 - (0 + 67)?
-81
Calculate 0 - 0 - ((-37 - -85) + -50).
2
Evaluate -399 - -398 - ((-1 - 40) + 6).
34
What is the value of (91 - -18) + -3 + -5 + (-23 - -13)?
91
What is the value of (16 - -1 - (-3 + -5 - 34)) + (-3 - 0)?
56
Evaluate 19 + -9 + -25 - (-17 - 5).
7
107 - 89 - (-4 + 11)
11
Calculate 2 + 4 + 5 + 61 + (49 - 65) + 9.
65
Calculate -3071 + 3066 - ((2 + -5 - -6) + -62).
54
What is -20 - (-13 + (-44 - -57) + (6 - 1))?
-25
-38 + 58 + (-4 + -6 - (-9 - -9)) + 8
18
Evaluate -17 - ((-2 - -9 - 3) + -69 + 75 + 3).
-30
6 + -9 + -26 + -11 + 11 + -2
-31
What is -208 - -257 - (0 - (3 + -12)) - (9 + 0)?
31
1601 - 1528 - (-1 - -41)
33
-1 + -1 + 1 + 2 + 3491 + -3528
-36
Evaluate (-2 + 1 - -1) + (-225 - -236) + -55.
-44
(-7 - (-28 - (-18 + 4))) + -13 - (-31 + 1)
24
What is 79 + (-11 - -15 - (2 - -1) - (29 + -37))?
88
-40 + (81 - 34) - (15 - 8)
0
-33 + -2 - ((68 - (-95 + 186)) + (1 - -22))
-35
What is the value of 7396 - 7321 - (-2 - 49)?
126
What is (-112 - -50) + (15 - -43)?
-4
What is 27 + (175 + -152 - (-2 - -21) - (0 + 1))?
30
What is the value of (642 - 556) + -88 + 8?
6
What is the value of -115 + 91 + (4 + 76 - 5)?
51
Calculate -2277 - -2375 - ((-24 - 2) + 0).
124
Evaluate (48 - 1) + (-56 - 8).
-17
Evaluate -8 - (-13 - (-21 - -25)) - (1 + 33 + -5).
-20
What is the value of -1 + -27 + 79 + -21?
30
(-52 - 0) + (751 - 724) + (1 - 44)
-68
What is (-1 - -10) + (-46 + 12 + -25 - 28)?
-78
-18 - -4 - ((8 - -30) + -70) - 83
-65
What is -91 - (89 - 227 - -134)?
-87
What is -13 + (-15 - -14) + -20 - 29?
-63
-18 + 32 + (6 - (64 - (7 + -1)))
-38
What is (-2 - (-4 + 5 + -15)) + -16 - -1 - 45?
-48
What is the value of -9 + 13 + 9 - 24?
-11
Calculate -33 - ((-174 - -189) + 5 + -27 + 4).
-30
What is the value of 550 + -546 + (-3 - 0 - -10) + 1?
12
Evaluate -17 - -20 - (4 + 1 + -30 - (26 + -29)).
25
What is 6 - 29 - -44 - 55?
-34
What is ((4 - 4) + 0 - -4) + 80 - (-219 + 220)?
83
What is (51 - (33 + -69)) + -50?
37
11 + -45 + -395 + 434 + (1 - 60) + 0
-54
What is the value of 86 - (0 - -10 - (1274 - 1279))?
71
What is (-8 - -7) + -67 - (15 + -1 + 288 + -294)?
-76
-22 - (34 - -44 - 133)
33
Calculate -457 + 524 + (3 + 5 - -10).
85
Evaluate (-3 - 1) + (21 - -13) + -18.
12
What is -25 - -14 - (-54 - -4 - (-4 - 1))?
34
49 + -14 + -71 - -8
-28
Calculate (5 - (-9 + (6 - 7) + 7)) + -40 + 2.
-30
Calculate -201 + 317 - (59 + 6).
51
Evaluate 18 - -2 - (11 - (-32 + 9)).
-14
What is 130 + 7 + -161 + 60?
36
What is the value of 41 - (15 + 59 - (-68 + 99))?
-2
What is the value of -3917 - -3927 - (89 - (-3 - -2))?
-80
Evaluate 4479 + -4503 + (38 - 1).
13
What is 93 - (-22 - -83) - 53?
-21
What is (-5 - -103) + -5 - (19 - (8 + -4) - 3)?
81
80 + (11 -